 Suppose 0 = -g - 4*g + 10. Suppose -g*m - 3 + 9 = 0. Suppose 0 = -m*f - 15 + 3. Calculate n(f).
5
Let o(y) = y**3 + y**2 + 1. Suppose 0 = 5*r + 4*k + 28, 5*r + k = 2*k - 18. Suppose -4*b + 12 = 5*i, -b + 4 = 5*i + 1. Let j be 1 + i - (-3 - r). Give o(j).
1
Let b(r) = 4*r. Let k(p) = 3*p + 1. Let o be k(-1). Let s be (-2)/(-1) + 0 + o. Suppose -5*c + 6 - 1 = s. Determine b(c).
4
Let z(o) = o**3 + 16*o**2 + 16*o + 22. Let a be z(-15). Let b(r) = -r**2 + 7*r - 5. Calculate b(a).
-5
Let t be 15/30*((-40)/(-12))/5. Let k(v) be the second derivative of -5*v - 9/2*v**2 - t*v**3 + 0. What is k(-6)?
3
Let h(r) be the third derivative of -r**9/60480 - r**8/3360 - r**7/1680 - r**6/360 + r**5/12 + 10*r**2. Let x(m) be the third derivative of h(m). What is x(-5)?
-12
Let t(z) = -1 - 166*z + 83*z - z**2 + 80*z. Calculate t(-4).
-5
Let m(n) be the third derivative of 0*n**3 + 0 + 1/8*n**4 - 24*n + 2*n**2. What is m(-1)?
-3
Let g(l) be the first derivative of -1/24*l**4 + 0*l - 1/3*l**3 + 5 + 11/2*l**2. Let j(y) be the second derivative of g(y). Calculate j(-5).
3
Let a(w) = 7*w**2 + 23*w + 13. Let n(j) = -9*j**2 - 25*j - 14. Let l(t) = 5*a(t) + 4*n(t). Determine l(16).
-7
Let u(g) = -6*g - 12. Let l(c) be the third derivative of c**4/24 + c**3/3 + 4*c**2 - 2. Let p(t) = 22*l(t) + 4*u(t). Determine p(4).
-12
Let m(y) = -6*y. Let s(z) = z. Let h(u) = -5*u + 35. Let i(g) = -h(g) - s(g). Let v be i(9). Calculate m(v).
-6
Suppose -3*x + 2*l = -28, -4*x - 3*l + 6*l + 39 = 0. Let b(f) = 9*f - 12. Let r(w) = w - 1. Let t(i) = x*r(i) - b(i). Determine t(4).
-6
Let a(r) be the second derivative of -r**3/2 + 9*r**2/2 + 13*r - 20. Give a(12).
-27
Let j(i) = i**3 + i**2 - 1. Let t(h) = h**3 - 9*h**2 + h - 7. Let s be t(9). Suppose 14 = s*d + 12. Give j(d).
1
Let a = -1/3459 + 3463/13836. Let r(m) be the first derivative of 3*m**2 + 3*m + 3 - 5/3*m**3 - a*m**4. Calculate r(-6).
3
Let o(u) = 16*u**3 - 2*u**2 - 2*u - 1. Let r = 789 - 790. Calculate o(r).
-17
Let p(j) = -2 - 14*j + 2 - j**3 - 16*j**2 + 10 + 2 + 2. Determine p(-15).
-1
Let g(k) = -15*k**2 + 3*k**2 + 0 - 4*k - 4 - 3*k**2. Calculate g(-1).
-15
Suppose 6 = -2*v - 5*z, 4*z = 3*v + 3*z + 9. Let t = v + 6. Let q(c) = -8*c - 3*c**3 - 5*c + 4*c**3 - 3*c**2 + 10*c + 3. Calculate q(t).
-6
Let s(b) = -3*b - 2. Let h(n) = -n. Let r(f) = 5*h(f) + s(f). Let k(d) = d**3 - 2*d**2 - 3*d - 2. Let w be k(3). Determine r(w).
14
Suppose 0 = -3*s - 6 + 24. Let h(l) = 41*l - 14 + 20 + l**2 - 48*l. Calculate h(s).
0
Let s be (-2 + 0 + 16)/2. Let j(x) = 60 - x - 128 + 65. What is j(s)?
-10
Let c(f) be the second derivative of -f**4/24 + 2*f**3/3 + 25*f**2/2 + 8*f. Let v(p) be the first derivative of c(p). Determine v(4).
0
Let t(d) = -d + 10. Let f = 54 - 29. Suppose -19 = -4*i + 2*p + 7, -3*p + f = 2*i. What is t(i)?
2
Let w(p) = -p**3 + 2*p + 346*p**2 + 22 - 362*p**2 + 12. Determine w(-16).
2
Let w(r) = -2*r**3 - 3*r**2 + 9*r - 2. Let p(z) = -2*z**3 - 4*z**2 + 12*z - 3. Let u(y) = -3*p(y) + 4*w(y). Calculate u(1).
-1
Let v(a) = -2*a**3 - 4*a**2 + 4. Let w be v(-2). Let f(t) = t**3 - 5*t**2 + 5*t - 5. Give f(w).
-1
Let n(m) = -m**2 - 6*m + 4. Let f be n(-6). Let i be (-48)/(-30) - f/(-10). Let a(r) = 2*r + 0*r - i*r - 2*r**2. Calculate a(-1).
-2
Suppose 4 = -0*r + 2*r. Suppose -3*f + r = -4. Let b(s) = 11*s + 2 - 23*s + 14*s - 5*s**f + s**3. Calculate b(2).
-6
Let t(y) = y**2 + y - 34. Let p be t(-6). Let n(b) = -b**3 - 5*b**2 - 6*b - 4. Calculate n(p).
4
Let d(r) = 4*r**2 - 9*r - 8. Suppose -4*x - 7 = -3*x. Let u(h) = -4*h**2 + 8*h + 7. Let q(j) = x*u(j) - 6*d(j). Let g = -1 - 0. Determine q(g).
5
Let u(m) = -m**3 + 13*m**2 - m - 25. Let v be u(12). Let f(o) = 4 + 3 + v*o - 114*o + o**2. Suppose -2*j - 5*a + 22 = 0, 5 = 5*j + 3*a - 31. What is f(j)?
1
Let s(y) = -y**3 + 7*y**2 - 6*y + 2. Let o = 8 - -32. Let v = o + -34. Give s(v).
2
Let d = -71 - -78. Let j(v) = -3*v + v**3 + 4*v**2 - 2 - 2 + d. Give j(-5).
-7
Let j(n) = -16*n**3 + 6*n**2 - 6*n + 17. Let l(q) = 3*q**3 - q**2 + q - 3. Let x(s) = 2*j(s) + 11*l(s). Give x(0).
1
Let b(p) be the second derivative of -p**3 - p**2 - 70*p. Calculate b(2).
-14
Let i(n) = n**3 - 5*n**2 + 5*n - 3. Suppose 5*z - 14 = j, 0 = z - 4*z + 2*j + 7. Suppose -3 = z*c - 15. Determine i(c).
1
Let f(m) = -m**3 - m**2 - m - 11. Suppose 0 = q - 6 - 6. Let x be (-6)/q + (-2)/(-4). Give f(x).
-11
Let n(q) be the second derivative of 10*q**4/3 - q**3/6 - q**2/2 - q - 53. Determine n(-1).
40
Let n(c) be the third derivative of -c**6/120 + 7*c**5/60 + c**4/12 - 2*c**3/3 - 66*c**2. Give n(7).
10
Let g(b) = -4*b + 51. Let h(c) = -c + 6. Let k(d) = g(d) - 5*h(d). Determine k(-10).
11
Let c(f) = 2*f**2 - 5*f + 7. Suppose -35*h - 4*h + 156 = 0. Give c(h).
19
Let p(z) = -3*z**2 - 3*z - 2. Let v be p(-1). Let d(b) = b - 1. Give d(v).
-3
Suppose -54 = 217*m - 199*m. Let q(r) = -r**3 - r**2 - r - 5. Give q(m).
16
Let h(x) be the third derivative of -x**5/30 - x**4/8 - x**3/3 + 2*x**2. Let j = 26 - 16. Suppose b = -4*b - j. Determine h(b).
-4
Let c be (4/(-22))/(5/(-55)). Let g(b) = -11*b**2 + 2*b. Calculate g(c).
-40
Let f(m) = m**3 - 10*m**2 - 14*m + 135. Let g be f(10). Let v(c) = c - c + 2 + 2*c. Calculate v(g).
-8
Let t(b) be the first derivative of -1/20*b**5 + 2 - 1/3*b**3 - 1/60*b**6 - 4*b**2 - 1/8*b**4 + 0*b. Let v(w) be the second derivative of t(w). Give v(-2).
8
Suppose 3*t + t - 36 = 0. Let u(x) = 12 + 5*x**3 + x**3 + 6*x - 6*x**2 - t - 5*x**3. Determine u(5).
8
Let q(d) = d**3 + 2*d**2 - 7*d + 2. Let b(p) = -3*p**2 + 4*p - 1. Let g be b(2). Give q(g).
-38
Let v(l) = -37*l**3 - 7*l**2 + 23*l + 64. Let x(y) = -13*y**3 - 2*y**2 + 8*y + 22. Let k(z) = 6*v(z) - 17*x(z). Give k(-8).
-6
Let p = 11 - 15. Let b(k) = k**3 + 7*k**2 + 4*k + 3. Let v(r) = -r**3 - 8*r**2 - 3*r - 3. Let j(m) = -3*b(m) - 2*v(m). Give j(p).
5
Let a(r) = -473 + 233 - 2*r + 240. Suppose 0 = 5*h - 2*h - 12. Give a(h).
-8
Let r(z) = 2*z - 14. Suppose -5*n - 2*j + 50 = 0, -16 = -2*n - 2*j - 2. Let k be r(n). Let w = k + -11. Let l(i) = -6*i + 1. Calculate l(w).
7
Let f(p) be the first derivative of -p**3/3 + 4*p**2 - 7*p - 244. What is f(8)?
-7
Let v(j) be the second derivative of 2*j - 1/2*j**3 - 1/6*j**4 - 2 + 3/2*j**2. Calculate v(-4).
-17
Let t(a) be the first derivative of 2*a**3/3 - a**2 - 1. Let m(g) = 4*g - 66. Let s be m(20). Suppose s = 16*o - 18. What is t(o)?
4
Let u(h) = 0 + 1 + 0*h + 3*h. Let k = -754 + 757. Determine u(k).
10
Let t(d) = -9*d**3 + 2*d**2 - 19*d + 3. Let i(y) = 5*y**3 + 10*y - 1. Let q(f) = 7*i(f) + 4*t(f). What is q(7)?
12
Let j(t) be the third derivative of t**5/40 - 2*t**3/3 - 23*t**2. Let a(w) be the first derivative of j(w). Calculate a(-2).
-6
Let s(q) = 3 + q**2 - 3 + 0. Let f = 6 - 7. What is s(f)?
1
Suppose -u = -2 - 2. Let b(g) = u*g + 7*g - 17*g + 7*g - 1. Determine b(-5).
-6
Let h be (-4)/6*-6*1. Let y(t) be the first derivative of -t**7/840 + t**6/90 - t**4/8 - t**3/3 - 12. Let z(m) be the third derivative of y(m). Give z(h).
-3
Let z(d) = d**3 - d**2. Let n be (-3)/(-5)*(-29 - -24). Calculate z(n).
-36
Let i(l) be the third derivative of 5*l**4/24 + l**3/6 + 3*l**2. Suppose -4*c + 3*j = -0*c - 11, 0 = -5*j + 15. Suppose -c*m = -4*m + 1. Calculate i(m).
-4
Let a be (-4 - (0 - -1) - -2) + 5. Let q(c) = c + 6 + c**2 - 6*c - a*c + c. What is q(5)?
1
Let v(q) = -3 + 3*q - 1 - 12*q + 7*q. Let s be v(-4). Let o(h) = 5*h - 3. What is o(s)?
17
Let h be ((6 - 4) + 2/2)*1. Let w(j) = -4*j + 95 + 0*j - 94 - 7*j**h + 3*j. Calculate w(1).
-7
Let d(f) = -3*f**2 - f - 1. Let t(j) = -2*j**2 - j - 1. Let s(c) = 4*c + 24. Let i be s(-7). Let y(o) = i*d(o) + 7*t(o). Determine y(-2).
-5
Suppose 2*i - 25 = -3*t, -3*t - 5*i + 15 = -5*t. Let d(h) = -t*h + 5*h + 2 + 6*h - 5*h. Give d(-4).
-2
Let h(f) = f**2 - 12*f - 24. Let t = 46 - 32. Let o be h(t). Let j(k) = -k**2 + 5*k - 4. Determine j(o).
0
Let a be 2 - 0*2/4. Suppose 5*t - 4*f = 14, a*t = 5*f - 10 + 2. Let c(g) be the first derivative of -3*g**2/2 + 2*g - 284. Determine c(t).
-16
Let h(c) be the third derivative of -c**4/24 + 13*c**3/6 + 5*c**2. Let y(p) = 2*p**2 - 6*p - 11. Let d be y(5). Determine h(d).
4
Let s(j) be the first derivative of -j**3 - j**2 + j - 2. Suppose 2*v + 9*a - 14*a - 21 = 0, 0 = -5*v - 5*a - 35. Determine s(v).
-7
Let q(f) = -3*f + 1. Let 